ommon divisor of d and w.
9
Suppose 0*m - 42 = -2*m. Let u be 6/m + 26/7. Let w = 18 + -2. Calculate the greatest common factor of u and w.
4
Let d be (0 - 2)/((-3)/51). Suppose 0*r - 51 = -r. What is the highest common divisor of d and r?
17
Suppose -4*n - 9 = 3, n = 4*h - 483. Calculate the highest common factor of 15 and h.
15
Suppose 4*n - 50 = 2*r - 3*r, 4*r = n + 115. Suppose -63 = -5*k - 13. What is the highest common divisor of r and k?
10
Suppose 26 = -9*z + 125. Calculate the greatest common divisor of 176 and z.
11
Let k = -2 - 3. Let g(q) = -24*q + 6. Let y be g(k). Calculate the greatest common factor of 18 and y.
18
Let u(s) = -26*s - 2. Let k(o) = -2*o - 7. Let a be k(-5). Let v be u(a). Let w be (v/3)/((-1)/3). Calculate the highest common factor of 10 and w.
10
Let c(d) = d**3 + 9*d**2 + 2*d - 18. Let g be c(-8). What is the greatest common factor of g and 12?
6
Let u = 1 + 1. Let k(d) = d**2 - 7*d. Let y be k(3). Let x be (4/y)/(u/(-36)). Calculate the greatest common factor of x and 48.
6
Let a be (1 - 3)/((-1)/2). Let o(t) = t**2 - 4*t + 5. Let q be o(a). Let b = 62 - 32. What is the greatest common factor of q and b?
5
Suppose 3*l - 355 = -5*b + 25, -5*l + 584 = -4*b. What is the greatest common divisor of 15 and l?
15
Let h be (-42)/9 - (-2)/(-6). Let v(l) = l**2 + l - 6. Let b be v(h). Calculate the greatest common factor of 98 and b.
14
Suppose -5*i + 24 + 21 = 0. What is the highest common factor of 9 and i?
9
Suppose -8 = -4*y + 16. Let s be ((-4)/(-6))/(y/9). What is the highest common factor of 4 and s?
1
Let u be 220/40*(-20)/(-1). What is the highest common factor of u and 44?
22
Let y = 3 - 1. Let p = 8 - y. What is the highest common divisor of p and 2?
2
Let a = 9 + 9. What is the highest common divisor of 18 and a?
18
Let q = -5 - -7. Suppose -q*p = -7*p + 40. Suppose 4*v = -0*v + 8. What is the highest common factor of v and p?
2
Let l be 2/5 - 2739/(-15). Let j be l/2 + (-9)/6. Calculate the highest common divisor of j and 10.
10
Let f = -11 + 27. Suppose -2*h = 4*k - 4*h - 90, 4*k + h - 99 = 0. What is the highest common factor of f and k?
8
Let g(v) = 9*v**3 + v - 1. Let c be g(1). Let u be c*(3 + -2 + 0). What is the greatest common factor of 72 and u?
9
Let c be 0 + 3*(-560)/(-12). Let q(s) = s**3 + 6*s**2 - 2*s + 8. Let t be q(-6). What is the highest common divisor of t and c?
20
Let f(m) = -m**3 + 2*m**2 + 4*m. Let i be f(3). Calculate the greatest common divisor of 12 and i.
3
Let w(l) = l**2 - l + 24. Let q be w(0). What is the greatest common factor of 6 and q?
6
Let v(a) = 2*a**2 - 4*a + 4. Let x be v(3). Let p be 1*8*(-75)/(-20). Calculate the highest common divisor of x and p.
10
Let g = 10 - 22. Let s be (-80)/(-6)*g/(-10). What is the highest common factor of 24 and s?
8
Suppose 0*s = -s + 48. Suppose -q + 3*q - s = 0. Let m be q/(-16)*(-4)/6. What is the greatest common factor of m and 4?
1
Let b be 2/3 + (-34)/(-3). Let l(m) = -m**2 + 9*m - 4. Let w be l(8). Suppose -2*c + w = -12. What is the greatest common factor of b and c?
4
Let r(m) = -66*m. Let z be r(-1). Let t = -1 + 7. What is the greatest common divisor of t and z?
6
Let i(t) = -t + 2. Suppose b = s - 8, -12 = s - 5*s. Let d be i(b). What is the highest common divisor of 63 and d?
7
Let x be -3 - (5 + -4 + -37). Calculate the greatest common factor of x and 11.
11
Let n be (-1380)/(-33) + 4/22. Suppose -w = 2*w - n. Suppose 0*r = r - 2. What is the highest common factor of w and r?
2
Let n be ((-4)/(-8) - (-21)/(-6)) + 15. Calculate the greatest common divisor of 36 and n.
12
Suppose 1 = 2*d + 3*x, 3*d + x + 5 = 10. Suppose -115 = d*m - 17. Let b = -21 - m. What is the greatest common factor of b and 70?
14
Let y be -2*12/3*-12. Let v = 40 - 28. Calculate the greatest common factor of y and v.
12
Suppose m - 5 = 6. Suppose 6*d - d = 25. Suppose d*w = 5, 194 = 7*p - 5*p - 4*w. Calculate the greatest common factor of m and p.
11
Suppose -n - 3 = 1, -4*s + 32 = -5*n. Let b = -8 + 10. Suppose 32 = 2*z - 2*w, -88 = -3*z - b*w - 3*w. What is the greatest common factor of s and z?
3
Let h = -18 - 4. Let s = 31 + h. Calculate the highest common factor of 9 and s.
9
Let s be (-24)/(-9)*3/2. Suppose 3*p + s = -i, -i + 2*p + 0 = -11. Let c = -3 + i. What is the highest common divisor of 16 and c?
2
Let l be 2 - (2 + 17)/(-1). Calculate the highest common divisor of 189 and l.
21
Let b(s) = 3*s**2 - s + 1. Let g be b(1). Suppose -2*m + 53 = 2*q + g*m, 0 = 4*m - 4. What is the highest common divisor of q and 12?
12
Let y be (-4)/(-6)*(-5 - -14). Let n be (-2)/y - (-34)/3. What is the highest common factor of 44 and n?
11
Suppose 0*g + 5*q = -2*g + 38, 0 = g + 4*q - 16. Calculate the highest common divisor of g and 60.
12
Suppose v = 2*t - 531 - 404, -2*t = -2*v - 932. Let r be t/42 - (-2)/(-12). What is the highest common divisor of r and 55?
11
Suppose 23*r = 27*r - 52. What is the highest common divisor of r and 13?
13
Suppose 3*a - 4*a + 15 = 0. Let z(b) be the first derivative of -b**3/3 - 11*b**2/2 - 7*b - 7. Let i be z(-10). What is the highest common factor of i and a?
3
Suppose -2*o - 5*z + 45 = 0, 5*o + z - 25 = 30. Let k be 2*-3*(0 - 1). Suppose -k*w + 80 = -2*w. Calculate the greatest common factor of w and o.
10
Let l(g) = g**3 - 8*g**2 + 6*g + 9. Let h be l(7). Suppose -4*i = -6 - h. Suppose i*o + 2*o = 40. Calculate the greatest common divisor of o and 30.
10
Let k be (21/5)/(1/15). Suppose 2*s = -5 + 1, -3*s + 1 = b. What is the highest common factor of k and b?
7
Let w = 36 - -24. Calculate the highest common divisor of w and 105.
15
Let u be 1 + -5 + 2 + 282/6. Let n(z) = 57*z**2 + 1. Let y be n(1). Suppose 4*s - 14 - y = 0. What is the greatest common factor of s and u?
9
Let l(n) = 130*n + 5. Let v be l(1). What is the greatest common divisor of v and 15?
15
Suppose -9 + 2 = -i. Let p(g) = g - 7. Let f be p(i). Let w be 33 + f + 3/(-3). What is the highest common divisor of 80 and w?
16
Suppose a - 404 = -0*a. Suppose 5*n + 3*p = a, 2*p - p = -n + 80. Let u = n - -6. What is the highest common divisor of 8 and u?
8
Suppose 4*p - 4*b = 20, -p - 3*b - 4 - 3 = 0. Let d be (p - -12) + -1 + 0. Calculate the greatest common divisor of 65 and d.
13
Let a(m) = 2*m**3 - 2. Let i be a(2). Let n = 64 + -36. Calculate the greatest common divisor of i and n.
14
Suppose -2*r = 3*c - 34 + 9, 2*c = 5*r - 34. Let n(w) = w**3 - 8*w**2 + 8*w + 1. Let g = 16 - 9. Let d be n(g). What is the highest common divisor of d and r?
8
Let p = 5 + -2. Suppose g + 176 = p*g. Suppose -4*i + g = -3*i. Calculate the greatest common divisor of 8 and i.
8
Let q(z) = z**2 - z + 1. Let x be q(-4). Suppose -x = 5*n - 101. What is the highest common factor of n and 32?
16
Let p be ((-8)/6)/(1/(-15)). Let f(u) = u**2 + u + 11. Let n be f(0). Let j = n - 1. What is the greatest common divisor of j and p?
10
Let v = -102 - -190. Suppose 0 = -z - 2*z + 117. Let y = z + -28. What is the greatest common factor of y and v?
11
Let o = -7 + 4. Let i = 15 + o. Suppose 108 = 3*v - i. What is the greatest common factor of 5 and v?
5
Let u(p) = p + 13. Let s(o) = -o**3 + 5*o**2 - o + 5. Let q be s(5). Let x be u(q). Suppose b + 1 = x. Calculate the greatest common divisor of b and 6.
6
Let b = 55 - 34. Calculate the greatest common divisor of b and 28.
7
Suppose -2*x = 32 - 194. Let r(z) = -z**2 - 8*z - 3. Suppose -18 = 3*s - 0*s. Let y be r(s). Calculate the highest common factor of x and y.
9
Let x(o) = o. Let h be x(2). Suppose 3*g = 3*v + 3, h*v + 2*v = -4*g + 4. Let t = 14 - g. Calculate the highest common factor of t and 91.
13
Let u(v) be the first derivative of v**3/3 + 2*v**2 - 8*v + 1. Let n be 7/21 - (-38)/(-6). Let y be u(n). Calculate the greatest common factor of y and 8.
4
Suppose -171 = 5*f - 6*f. What is the highest common factor of 19 and f?
19
Let u = -4 + 8. Let v(c) = -c**3 - 6*c**2 + 4*c + 7. Let s(f) = -f**2 - 7. Let m be s(0). Let l be v(m). What is the greatest common factor of l and u?
4
Let j = -5 + 9. Let x be 170/j*-6 - 1. Let v = -36 - x. What is the greatest common divisor of 20 and v?
20
Let q(i) = -3*i - 6. Let f be q(-6). Suppose -r - 3*r = -f. Let p = -24 - -57. Calculate the greatest common factor of p and r.
3
Let g(h) = h**2 - 9*h + 2